ase 3, what is -1 + -2110010021021?
-2110010021022
In base 7, what is 14625 - 1?
14624
In base 3, what is -2001102000 - -11?
-2001101212
In base 16, what is -4 - -203d?
2039
In base 8, what is -5 - -42110?
42103
In base 2, what is 1011011 - -11000100011?
11001111110
In base 5, what is 10 + -1104142?
-1104132
In base 6, what is -3 + 1043430?
1043423
In base 15, what is 3 - 38b9?
-38b6
In base 5, what is -133 + -114244?
-114432
In base 15, what is -3 + -1a685?
-1a688
In base 12, what is -1bab5a - 0?
-1bab5a
In base 3, what is 2 + 11020001121?
11020001200
In base 13, what is 1170 - b2?
108b
In base 8, what is 13742 - -30?
13772
In base 16, what is -48a - 488?
-912
In base 14, what is 23db + -16?
23c5
In base 9, what is 782 + 1422?
2314
In base 16, what is c5 - 1798?
-16d3
In base 4, what is -2302332 - -10?
-2302322
In base 13, what is a347 - -5?
a34c
In base 4, what is 11 + -2033031?
-2033020
In base 14, what is -2 + -2c01a?
-2c01c
In base 9, what is -3 + -881106?
-881110
In base 7, what is 5 + 50536?
50544
In base 7, what is 4 + 201352?
201356
In base 13, what is -584b0 - -4?
-584a9
In base 13, what is -44 + 911?
89a
In base 11, what is -14229 - -1?
-14228
In base 8, what is 4 + -273057?
-273053
In base 15, what is -136 + 21?
-115
In base 5, what is -141404304 - 1?
-141404310
In base 5, what is -12 + -1133100?
-1133112
In base 13, what is -8 - -2253?
2248
In base 13, what is 8302 - -35?
8337
In base 4, what is -233110220 - 11?
-233110231
In base 15, what is -214e + -106?
-2255
In base 4, what is -3 - -3321?
3312
In base 9, what is -117 - -316?
188
In base 5, what is 4324 - -2420?
12244
In base 10, what is -1526 + -5?
-1531
In base 4, what is -30333 - 2021?
-33020
In base 4, what is -11 + 1330213?
1330202
In base 12, what is -86 + 1030?
b66
In base 11, what is 3308 + 4?
3311
In base 16, what is -26 - -230e?
22e8
In base 7, what is 2 + -25603?
-25601
In base 2, what is 100001011011100111010 - -1?
100001011011100111011
In base 13, what is -1 - 431a9?
-431aa
In base 9, what is -5 - -13545?
13540
In base 15, what is -197eb + 3?
-197e8
In base 12, what is 3 - 74b4?
-74b1
In base 11, what is 3427 + -30?
33a7
In base 10, what is 360445 + 9?
360454
In base 10, what is 86011 - 0?
86011
In base 14, what is -243cb - -2?
-243c9
In base 4, what is 10030 + -1231?
2133
In base 11, what is -3 + -19123?
-19126
In base 7, what is 5 - 355042?
-355034
In base 2, what is 1100010 - 10100110010?
-10011010000
In base 5, what is -21234213 - 2?
-21234220
In base 13, what is -48ab + -12?
-48c0
In base 3, what is 120102 + 220?
121022
In base 4, what is 2012012 + -1202?
2010210
In base 16, what is 3 + 24bbe?
24bc1
In base 2, what is 1010100010 + 1001100?
1011101110
In base 11, what is -25117 - -6?
-25111
In base 8, what is -1 + 346431?
346430
In base 9, what is -156813 + -1?
-156814
In base 2, what is -10011001 - -10011000010?
10000101001
In base 6, what is -5 + 25351?
25342
In base 4, what is -3022 - -12112?
3030
In base 13, what is 3a - 556?
-519
In base 2, what is 1000101000 + 0?
1000101000
In base 9, what is 2 + -1522232?
-1522230
In base 10, what is 168125 - 10?
168115
In base 8, what is -75553 - 0?
-75553
In base 9, what is -127 - 327?
-455
In base 14, what is -2c3 + -2b?
-310
In base 5, what is 140342 - -1100?
141442
In base 12, what is -26979 + 4?
-26975
In base 16, what is 2d - -123bb?
123e8
In base 4, what is 1 - -101302220?
101302221
In base 16, what is -11e - -168?
4a
In base 10, what is 11 + -77798?
-77787
In base 16, what is d42 + -474?
8ce
In base 6, what is 3425 + -51?
3334
In base 9, what is -23 + 12584?
12561
In base 4, what is 1 - 312110?
-312103
In base 3, what is 1001210 - 2222100?
-1220120
In base 10, what is -29256 - 4?
-29260
In base 2, what is -10001111 + 100110010?
10100011
In base 16, what is -1b0 - -1be?
e
In base 8, what is -47507 + -55?
-47564
In base 15, what is -6c2 + -419?
-adb
In base 7, what is 2 - 110264?
-110262
In base 6, what is -32300 - -1250?
-31010
In base 11, what is -1188554 + 2?
-1188552
In base 12, what is 0 - -18902?
18902
In base 9, what is 23108 + 140?
23248
In base 3, what is 201221002 - 20?
201220212
In base 10, what is 5 + 147633?
147638
In base 11, what is 2 - -170a?
1711
In base 11, what is 1858 + 10a?
1967
In base 8, what is 174731 + -3?
174726
In base 11, what is 2 - -12514?
12516
In base 5, what is 42 + -130?
-33
In base 9, what is 5 + -2683780?
-2683774
In base 10, what is -1354 - -218?
-1136
In base 13, what is 19 - -2a?
46
In base 11, what is -27a71 - 4?
-27a75
In base 6, what is -414 - 2325?
-3143
In base 3, what is 101 + -2022122?
-2022021
In base 14, what is -3d - -29d0?
2991
In base 11, what is 16 + -24560?
-24545
In base 12, what is 22 - -1a404?
1a426
In base 7, what is -26532420 + -5?
-26532425
In base 8, what is -227 - -32663?
32434
In base 5, what is 12 - 14203012?
-14203000
In base 6, what is 30 - -420121?
420151
In base 14, what is -d + -23c?
-24b
In base 7, what is -23551543 - 4?
-23551550
In base 16, what is -2e - 6cfe?
-6d2c
In base 9, what is -3 - 44113?
-44116
In base 12, what is -6979 - 301?
-707a
In base 11, what is -1643 - -48?
-15a6
In base 4, what is 1111 - 32331?
-31220
In base 3, what is 200 - -1111021?
1111221
In base 5, what is -213340 + 3?
-213332
In base 10, what is 271529 - 5?
271524
In base 3, what is 111211 - -1200?
120111
In base 11, what is -7114 - a?
-7123
In base 14, what is 281 + 2b6?
557
In base 16, what is 0 + 1c4?
1c4
In base 4, what is -2 - -21233202?
21233200
In base 2, what is 11010100 + 100100?
11111000
In base 14, what is -1 + d93?
d92
In base 10, what is 13 + 6048?
6061
In base 11, what is -4a5a + -9?
-4a68
In base 4, what is -1 - -311232030?
311232023
In base 16, what is -2f7 + -28?
-31f
In base 14, what is 247b - -18?
2495
In base 16, what is 4b - -249?
294
In base 5, what is 32 - -3404132?
3404214
In base 5, what is -1 - -1120403?
1120402
In base 4, what is 1101032 + 13?
1101111
In base 16, what is 7b - 32?
49
In base 6, what is -5 + -40504?
-40513
In base 8, what is 163 + 1462?
1645
In base 11, what is -21918 - 3?
-21920
In base 9, what is -55430 + 1?
-55428
In base 4, what is 10 + 323?
333
In base 3, what is 100011000101 + 11?
100011000112
In base 3, what is -122010012 + 10?
-122010002
In base 7, what is 14122 - -100?
14222
In base 8, what is -207 + -1762?
-2171
In base 6, what is -5133 - -25?
-5104
In base 3, what is -12 - 2022221202?
-2022221221
In base 13, what is -3 + 26bb?
26b8
In base 8, what is -11214 + 3?
-11211
In base 10, what is 266813 - -5?
266818
In base 5, what is 132 - -40?
222
In base 9, what is -15 - -33762?
33746
In base 10, what is 34427 + 38?
34465
In base 9, what is 38 - -6765?
6814
In base 11, what is -68 - -9a94?
9a27
In base 11, what is 34519 - -2?
34520
In base 8, what is 2 + -154047?
-154045
In base 14, what is -29b2 + -6?
-29b8
In base 9, what is -1471 + -124?
-1605
In base 14, what is 2c6 + 11?
2d7
In base 3, what is 1111121211 + 12?
1111122000
In base 8, what is -203323 - -54?
-203247
In base 4, what is 22 + -3011323?
-3011301
In base 12, what is b35 - 1606?
-691
In base 8, what is -1206114 - 1?
-1206115
In base 14, what is 2c0 + 62?
342
In base 16, what is -ee5f + 4?
-ee5b
In base 2, what is -10 + 101100011000?
101100010110
In base 10, what is 682 + 19?
701
In base 3, what is 1 - 10020101211?
-10020101210
In base 10, what is -9 - 71142?
-71151
In base 11, what is -11 - -29913?
29902
In base 5, what is -244304131 + 3?
-244304123
In base 9, what is 1240 - -4576?
5826
In base 9, what is 133 - -2848?
3082
In base 11, what is 56201 + -2?
561aa
In base 13, what is -6b1 - -1b?
-693
In base 8, what is -7615 + 763?
-6632
In base 9, what is 1 - -3486?
3487
In base 10, what is -195105 - -3?
-195102
In base 9, what is 18 + -3434?
-3415
In base 7, what is 14515 + -4?
14511
In base 5, what is 3 + -4401221?
-4401213
In base 10, what is -4 - 120370?
-120374
In base 8, what is -266260 - 3?
-266263
In base 6, what is 5 - 355423?
-355414
In base 8, what is 1 - -122512?
122513
In base 8, what is -206 + 2030?
1622
In base 2, what is 1001111100111000 - -1100?
1001111101000100
In base 15, what is 4 - -682c?
6831
In base 9, what is 52175 - -11?
52186
In base 16, what is -116 + -4a72?
-4b88
In base 5, what is 2433324 + -3?
2433321
In base 13, what is -3 + 392